079
What are the prime factors of 770?
2, 5, 7, 11
List the prime factors of 226.
2, 113
What are the prime factors of 692?
2, 173
What are the prime factors of 52102?
2, 109, 239
List the prime factors of 4111.
4111
What are the prime factors of 3928?
2, 491
List the prime factors of 5277.
3, 1759
What are the prime factors of 616?
2, 7, 11
What are the prime factors of 10552?
2, 1319
List the prime factors of 12424.
2, 1553
What are the prime factors of 868?
2, 7, 31
List the prime factors of 3753.
3, 139
List the prime factors of 2487.
3, 829
List the prime factors of 9169.
53, 173
What are the prime factors of 613?
613
List the prime factors of 1133.
11, 103
List the prime factors of 400.
2, 5
What are the prime factors of 7668?
2, 3, 71
List the prime factors of 4759.
4759
What are the prime factors of 136103?
11, 12373
List the prime factors of 3584.
2, 7
What are the prime factors of 3106?
2, 1553
What are the prime factors of 2089?
2089
What are the prime factors of 1042?
2, 521
What are the prime factors of 62411?
139, 449
List the prime factors of 17160.
2, 3, 5, 11, 13
What are the prime factors of 9232?
2, 577
List the prime factors of 12335.
5, 2467
List the prime factors of 1478.
2, 739
List the prime factors of 23324.
2, 7, 17
What are the prime factors of 57357?
3, 6373
What are the prime factors of 9120?
2, 3, 5, 19
What are the prime factors of 59955?
3, 5, 7, 571
What are the prime factors of 29386?
2, 7, 2099
List the prime factors of 1364.
2, 11, 31
What are the prime factors of 57605?
5, 41, 281
What are the prime factors of 9548?
2, 7, 11, 31
List the prime factors of 901.
17, 53
List the prime factors of 499.
499
What are the prime factors of 984?
2, 3, 41
List the prime factors of 2986.
2, 1493
What are the prime factors of 40?
2, 5
What are the prime factors of 3205?
5, 641
List the prime factors of 14561.
14561
What are the prime factors of 8132?
2, 19, 107
What are the prime factors of 90?
2, 3, 5
What are the prime factors of 9311?
9311
List the prime factors of 17193.
3, 11, 521
List the prime factors of 76030.
2, 5, 7603
List the prime factors of 33021.
3, 1223
What are the prime factors of 568?
2, 71
List the prime factors of 6002.
2, 3001
What are the prime factors of 3208?
2, 401
What are the prime factors of 6743?
11, 613
What are the prime factors of 243?
3
List the prime factors of 3554.
2, 1777
List the prime factors of 7158.
2, 3, 1193
What are the prime factors of 4617?
3, 19
What are the prime factors of 2711?
2711
What are the prime factors of 6852?
2, 3, 571
What are the prime factors of 1206?
2, 3, 67
List the prime factors of 47848.
2, 5981
List the prime factors of 58809.
3, 19603
What are the prime factors of 3406?
2, 13, 131
What are the prime factors of 18205?
5, 11, 331
List the prime factors of 64561.
7, 23, 401
What are the prime factors of 32?
2
List the prime factors of 10393.
19, 547
What are the prime factors of 9768?
2, 3, 11, 37
What are the prime factors of 951?
3, 317
What are the prime factors of 397?
397
What are the prime factors of 6170?
2, 5, 617
What are the prime factors of 1416?
2, 3, 59
List the prime factors of 1103.
1103
List the prime factors of 997.
997
What are the prime factors of 4699?
37, 127
What are the prime factors of 10515?
3, 5, 701
List the prime factors of 903.
3, 7, 43
List the prime factors of 285.
3, 5, 19
List the prime factors of 5597.
29, 193
List the prime factors of 201479.
113, 1783
List the prime factors of 10415.
5, 2083
What are the prime factors of 1878?
2, 3, 313
List the prime factors of 46.
2, 23
What are the prime factors of 10472?
2, 7, 11, 17
What are the prime factors of 116352?
2, 3, 101
List the prime factors of 492.
2, 3, 41
What are the prime factors of 2360?
2, 5, 59
List the prime factors of 1618.
2, 809
List the prime factors of 416.
2, 13
What are the prime factors of 3002?
2, 19, 79
List the prime factors of 2612.
2, 653
List the prime factors of 743.
743
What are the prime factors of 4265?
5, 853
List the prime factors of 1566.
2, 3, 29
What are the prime factors of 348?
2, 3, 29
List the prime factors of 2028.
2, 3, 13
List the prime factors of 14175.
3, 5, 7
What are the prime factors of 20529?
3, 2281
List the prime factors of 9314.
2, 4657
List the prime factors of 73635.
3, 5, 4909
What are the prime factors of 976?
2, 61
List the prime factors of 5616.
2, 3, 13
List the prime factors of 4645.
5, 929
List the prime factors of 51587.
79, 653
List the prime factors of 10507.
7, 19, 79
What are the prime factors of 4483?
4483
What are the prime factors of 9477?
3, 13
What are the prime factors of 1582?
2, 7, 113
What are the prime factors of 202?
2, 101
List the prime factors of 131838.
2, 3, 7, 43, 73
What are the prime factors of 36448?
2, 17, 67
What are the prime factors of 163?
163
What are the prime factors of 34554?
2, 3, 13, 443
List the prime factors of 2151.
3, 239
What are the prime factors of 109441?
109441
List the prime factors of 18262.
2, 23, 397
List the prime factors of 74685.
3, 5, 13, 383
List the prime factors of 116562.
2, 3, 19427
What are the prime factors of 114938?
2, 101, 569
List the prime factors of 4335.
3, 5, 17
What are the prime factors of 21977?
21977
What are the prime factors of 14243?
14243
What are the prime factors of 95364?
2, 3, 883
List the prime factors of 2565.
3, 5, 19
List the prime factors of 710.
2, 5, 71
List the prime factors of 15314.
2, 13, 19, 31
List the prime factors of 68320.
2, 5, 7, 61
List the prime factors of 8153.
31, 263
What are the prime factors of 644?
2, 7, 23
What are the prime factors of 257?
257
What are the prime factors of 18705?
3, 5, 29, 43
List the prime factors of 1149.
3, 383
List the prime factors of 4497.
3, 1499
List the prime factors of 3898.
2, 1949
What are the prime factors of 3589?
37, 97
What are the prime factors of 2787?
3, 929
What are the prime factors of 4282?
2, 2141
List the prime factors of 994.
2, 7, 71
What are the prime factors of 2586?
2, 3, 431
List the prime factors of 5254.
2, 37, 71
List the prime factors of 79065.
3, 5, 7, 251
List the prime factors of 36585.
3, 5, 271
What are the prime factors of 21992?
2, 2749
List the prime factors of 1998.
2, 3, 37
List the prime factors of 16334.
2, 8167
List the prime factors of 3031.
7, 433
What are the prime factors of 5776?
2, 19
What are the prime factors of 76233?
3, 25411
What are the prime factors of 3373?
3373
List the prime factors of 63812.
2, 7, 43, 53
List the prime factors of 3035.
5, 607
What are the prime factors of 73656?
2, 3, 11, 31
What are the prime factors of 273?
3, 7, 13
What are the prime factors of 2274?
2, 3, 379
List the prime factors of 9325.
5, 373
What are the prime factors of 3605?
5, 7, 103
What are the prime factors of 261?
3, 29
List the prime factors of 3381.
3, 7, 23
List the prime factors of 47181.
3, 15727
List the prime factors of 3681.
3, 409
What are the prime factors of 2073?
3, 691
List the prime factors of 1516.
2, 379
What are the prime factors of 28958?
2, 14479
List the prime factors of 3169.
3169
What are the prime factors of 220?
2, 5, 11
List the prime factors of 251.
251
What are the prime factors of 2753?
2753
What are the prime factors of 73?
73
What are the prime factors of 1924?
2, 13, 37
What are the prime factors of 8473?
37, 229
List the prime factors of 13799.
13799
What are the prime factors of 584?
2, 73
What are the prime factors of 8863?
8863
What are the prime factors of 8800?
2, 5, 11
What are the prime factors of 14369?
14369
What are the prime factors of 311?
311
What are the prime factors of 2634?
2, 3, 439
List the prime factors of 898.
2, 449
What are the prime factors of 1389?
3, 463
What are the prime factors of 3221?
3221
What are the prime factors of 427?
7, 61
What are the prime factors of 1521?
3, 13
List the prime factors of 940.
2, 5, 47
What are the prime factors of 1216?
2, 19
What are the prime factors of 38336?
2, 599
List the prime factors of 1656.
2, 3, 23
List the prime factors of 4418.
2, 47
List the prime factors of 367.
367
List the prime factors of 18739.
7, 2677
What are the prime factors of 3203?
3203
What are the prime factors of 1269?
3, 47
List the prime factors of 90573.
3, 7, 19, 227
What 